 Let t(z) = 8*l(z) + 5*m(z). What is t(g)?
-10
Let a(s) = -s**3 + s**2 + 3*s + 1. Let t = -13 + 11. What is a(t)?
7
Let z(y) be the first derivative of -4*y**3/3 + y**2/2 - 1. Suppose -2*b - 1 = -3. Give z(b).
-3
Let l(w) be the second derivative of w**3/6 - 23*w. Determine l(-1).
-1
Let b = 0 + 2. Suppose 2*y + 1 = l, -5*l + 10 = -3*y - b. Let h(d) = d. Let g(k) = -6*k + 4. Let w(p) = -g(p) - 3*h(p). Give w(l).
5
Let v(h) be the first derivative of h**3/3 - 5*h**2 + 8*h + 14. Calculate v(9).
-1
Let m(x) = x**3 - 4*x**2 + x. Let g(q) = q**2. Let i be g(-2). Let o be m(i). Let y(v) = v**2 - 6*v. Let c(t) = 1. Let f(r) = -6*c(r) - y(r). Calculate f(o).
2
Let h be (1*(-1 - -3))/((-6)/(-21)). Let q(r) = r**3 - 7*r**2 + 3*r - 2. Give q(h).
19
Suppose -3 = -3*g + 3. Let q(u) = 3*u**2 - 5*u - 1. Let a be (14/(-2))/1 - 2. Let j(y) = 13*y**2 - 20*y - 5. Let s(n) = a*q(n) + g*j(n). Calculate s(5).
-1
Let u be (-18)/2*2/(-3). Suppose 4*y + u + 6 = 0. Let x(r) = r**3 + 3*r**2 + 2*r + 2. Calculate x(y).
-4
Let m(o) be the third derivative of -o**5/30 - o**4/8 + o**3/3 + 4*o**2. What is m(-3)?
-7
Let q be (-2 - -3)*(0 + 1). Let o(v) be the first derivative of 1/2*v**2 - v + 2 - 3*v**3. What is o(q)?
-9
Let y(k) be the first derivative of k**4/4 - k**3 - 3*k**2/2 - 2*k - 1. Calculate y(4).
2
Let t(l) be the third derivative of 0*l**3 + 1/12*l**4 - 1/60*l**5 + 0 - 1/720*l**6 - l**2 + 0*l. Let v(a) be the second derivative of t(a). Calculate v(-2).
0
Let u be 33/6 - (-1)/(-2). Let l be (-126)/(-35) + 2/u. Let t(k) = 2*k + 5 + 3*k - l*k + 1. Calculate t(-4).
2
Let d be -8 - 3/(5 - 2). Let l = -14 - d. Let p = l - -4. Let y(w) = -5*w**3 + 2*w**2 + w. Give y(p).
6
Let s(x) = -2*x**2 + 6*x - 3. Let a = 1 - 0. Let o be (-2 - a)*(-1 + 0). Suppose -20 = -o*y - 2*y. What is s(y)?
-11
Let u(v) = -v - 4. Let h = 7 - 1. Suppose 2*j + h = j. Calculate u(j).
2
Let o(p) = -p - 6. Let u be o(-6). Suppose u = 2*y - 4*j + 18, -3*y + j - 7 = -j. Let n(m) = 9*m**3 - m + 1. What is n(y)?
9
Let r(i) = -i**3 + 6*i**2 + 0*i**3 + 3 + 1 - 5*i - 5. Let h be 3 + 6 + -1 + -3. What is r(h)?
-1
Let i(m) be the third derivative of -m**4/8 + 7*m**3/3 - 45*m**2. What is i(7)?
-7
Let k(z) = -5 - 4*z**2 - 6*z + 5*z**2 - 6. Give k(8).
5
Let n(i) = -3*i**3 - i**2 - 2*i - 1. Let d(c) = -8*c - 4*c - 4 - 9*c**3 + 5*c + 0 - 3*c**2. Let j(h) = 2*d(h) - 7*n(h). What is j(-1)?
-3
Suppose -2*y + u + 5 = 0, 0*y - 5*u = -4*y + 19. Let n(z) = -5*z**2 - 1. Give n(y).
-6
Let s(z) be the second derivative of -9*z - 1/2*z**3 + 1/6*z**4 + 3/2*z**2 + 0. What is s(2)?
5
Let d(u) = 7 + 13*u**3 - 7*u**2 + 6*u**2 - 7. Determine d(-1).
-14
Let l(k) = 13*k - 11. Let f(h) = -7*h + 6. Let p(j) = 11*f(j) + 6*l(j). Suppose -3*g + 1 + 2 = 0. Give p(g).
1
Suppose 2*h + 3*h + 15 = 0. Let m(b) = -b. What is m(h)?
3
Let f(x) = -x**3 - 5*x**2 - 3*x + 3. Let z be f(-4). Suppose -4*v + v + 3 = 0. Let g(q) = 6*q - 4*q + v + 8*q**2 - 6*q + 6*q. Determine g(z).
7
Let b(l) = l**2 - l + 1. Let m(q) = -q**3 - 6*q**2 + 7*q + 3. Let w(j) = 3*b(j) + m(j). What is w(-4)?
6
Let j(n) = -n**3 - 5*n**2 + 7*n + 3. Let c = -1 - 5. Let v(b) = b**2 + 7*b. Let u be v(c). Calculate j(u).
-3
Let o(f) be the second derivative of -f**5/20 - f**4/3 + f**3/2 + 3*f**2/2 - 9*f. Calculate o(-2).
-11
Let p(r) = -r**2 - r - 3. Let c(q) = 3*q**2 + 4*q + 9. Let s(o) = 2*c(o) + 7*p(o). Let m(f) be the first derivative of s(f). Determine m(-2).
5
Let c = -27 - -24. Let o(h) = -4*h + h - 2 + h. Determine o(c).
4
Let u(d) = d**3 - d**2 - d + 1. Let k = 2 + 1. Suppose 3*p - y - 1 = k, 0 = p - 4*y + 6. Suppose 3*s - 3*t - 1 = -13, 5*s = p*t - 8. Calculate u(s).
1
Suppose 5*m - 5*g + 5 = -0*g, 5*g - 41 = -4*m. Suppose -8 = -4*x + m. Let j(a) = a**3 + 0*a**3 - 4*a**2 - 10 + 3*a + 13. Determine j(x).
3
Let v(x) = -x**2 + 6*x - 2. Suppose -q = -5*q - 8. Let w = 3 - q. What is v(w)?
3
Let a(p) = -2*p - 1. Let l be (1 - 51/9)*-3. Suppose -3*g + 92 = l. Let y be g/8 - (-1)/(-4). Give a(y).
-7
Let b(p) be the third derivative of p**4/12 + 11*p**2. Calculate b(-2).
-4
Let m(t) be the second derivative of t**3/3 - 4*t**2 - t. Calculate m(6).
4
Let z(n) = -3*n**2 - 3*n - 1. Let j(o) = -7*o**2 - 6*o - 1. Let m(f) = -2*j(f) + 5*z(f). Give m(-4).
-7
Suppose 5*a + 21 = a - q, 4*q = -a - 24. Let x = -4 - a. Let z(v) = -3 + v + 0*v + 4*v - v**2 - 4*v. Give z(x).
-3
Let r(h) = h**3 + h**2 - h + 6. Let v = 3 - -15. Let o = v + -18. Determine r(o).
6
Let o(k) = 3*k - 6. Let z(p) = -13*p - 1. Let a be -2 - (0 + -2 + 1). Let q be z(a). Suppose 4*v - q = v. What is o(v)?
6
Let v be -1 + (-19)/(2 + -1). Let o = -15 - v. Let u(x) = x**3 - 6*x**2 + 5*x - 1. What is u(o)?
-1
Let b(i) = -8*i + 1. Suppose 6*p = 2*p - 4. Let c = p + 2. Determine b(c).
-7
Let a be (1/(-3))/((-1)/15). Let h(b) be the second derivative of -1/12*b**4 - 3*b + 0 - 2*b**2 + 7/6*b**3. Give h(a).
6
Let y(t) be the second derivative of t**4/24 + t**3/3 + t**2 - t. Let f(b) be the first derivative of y(b). Let x be (4/(-2) - -4)*-2. Give f(x).
-2
Let z(i) = 3*i + 6. Suppose 2*j + 13 = -c, 4*j + 15 = -5*c - 8. Let q = -12 - j. What is z(q)?
-9
Suppose 4*x + 32 = 4*a, 0 = -3*x - 2*a - 3*a + 8. Let f(r) = r. What is f(x)?
-4
Let o(k) = -11*k - 1. Suppose -5*b - 11 = -3*h, -h = -2*h + 2. Calculate o(b).
10
Let u(l) = -l + 2*l - 2*l. Give u(-4).
4
Let l = -5 - -5. Let i(k) = 2 + 1 + l*k + k**2 - k + k**3 - 6*k**2. Determine i(5).
-2
Let p(f) = 2*f - 1. Suppose -4*a + 55 = 7*a. Give p(a).
9
Let t(v) = -v**3 + v**2 + 3*v - 2. Let y = -15 - -31. Let f be 0 - (-2)/1 - y. Let c be 7/28 + f/(-8). Calculate t(c).
0
Let n(u) = u**3 + 6*u**2 + 5*u. Let y be n(-5). Let c(m) = -m. Give c(y).
0
Suppose 4*m = -14 + 2, 0 = -3*a - 5*m - 9. Let x(f) = -2*f**2 + 3*f - 1. Calculate x(a).
-3
Let o(i) = 4*i - 2. Let g(y) = 5*y - 2. Let p(z) = 4*z - 2. Let s be p(-10). Let c be (-138)/s + 4/(-14). Let h(l) = c*o(l) - 2*g(l). Calculate h(4).
6
Let p(k) = 3*k - k + 2467 - 2460. Let r be 7*((-1)/1 + 0). Calculate p(r).
-7
Let s = -8 + 5. Let l(x) = -8*x**2 - x - 3 + 0*x - 3*x**3 + 2*x. Let w(a) = -2*a**3 - 7*a**2 + a - 2. Let c(h) = s*l(h) + 4*w(h). What is c(4)?
5
Let u(h) = h - 9. Let w(c) = -c + 11. Let l be w(4). Let x be u(l). Let p(a) = a**3 - 2*a + 1. Determine p(x).
-3
Let l(a) = 9*a**2 - 2*a - 4. Let g(y) = 26*y**2 - 5*y - 11. Let r(v) = 6*g(v) - 17*l(v). Determine r(-2).
6
Let i(n) = -3*n - 50. Let t(l) = -2*l - 33. Let p(w) = 5*i(w) - 8*t(w). Calculate p(0).
14
Let u(y) = 0*y**2 - 5*y**2 + 1 + 5*y - 6*y. Let j be u(1). Let i(b) = 5*b**2 + 2*b - 7. Let t(h) = -4*h**2 - h + 6. Let r(n) = 5*i(n) + 6*t(n). Calculate r(j).
6
Let f(q) be the second derivative of -3*q + 0 - 1/3*q**3 + 7/2*q**2. Determine f(5).
-3
Let k(n) = -n**3 - 5*n**2 - 3. Let r be k(-5). Let u be (1 - 2)/(r/12). Suppose u = -3*v - 2. Let t(l) = -2*l**2 - l + 2. What is t(v)?
-4
Let a(g) = g**2 + 15*g - 3. Let s be a(-15). Let v(z) = 2*z**2 + 4*z + 4. Determine v(s).
10
Let n(s) = 5*s**3 + 30*s**2 - 29*s + 14. Let v(i) = -i**3 - 6*i**2 + 6*i - 3. Let z(w) = 2*n(w) + 11*v(w). Determine z(-7).
-12
Let m = 3 - 1. Let n(c) = 5*c - 5. Let z be n(m). Let y(f) = -2*f + 1. Let l(s) = s - 1. Let r(g) = -9*l(g) - 4*y(g). Calculate r(z).
0
Let c(s) = 4*s**2 + 8*s - 1. Let f(w) = -9*w**2 - 16*w + 1. Let u(p) = -7*c(p) - 3*f(p). Determine u(-8).
4
Let h be (2/3)/(3/(-18)). Let j = -5 - h. Let a(p) = -2*p**3 + p**2 - 1. Determine a(j).
2
Let p(x) = -8*x - 69. Let q be p(-8). Let o(s) = -2*s - 1. Determine o(q).
9
Let h(q) = -7 - 4 + q + q**3 - 3*q**2 - 6*q**2. Determine h(9).
-2
Let d(g) = g**3 - 4*g**2 + 3. Suppose 11 = 7*l - 17. What is d(l)?
3
Let v(y) = y**3 - 5*y**2 - 9*y + 9. Suppose 0 = 4*r - 5*k - 19, -8 = -2*r + 5*k - 1. What is v(r)?
-9
Let v(o) = -o - 2. Let x(u) = -6*u - 11. Let q(y) = -11*v(y) + 2*x(y). Suppose -r + 6*r - 5 = 0. Let p be (2/6)/(r/(-15)). Determine q(p).
5
Let i(o) = o**3 + 3*o**2 - 2*o - 1. Let l be i(-3). Let y(z) = z**3 - 4*z**2 - 4*z + 1. Give y(l).
6
Let x = -8 + 2. Let h(r) = -r**2 - 4*r + 8. Give h(x).
-4
Let m(o) = -2 + 0 + 0 - o. Calculate m(0).
-2
Let c(y) be the second derivative of -y**3/3 + 7*y**2/2 - 16*y. Calculate c(6).
-5
Let u(k) = k**2 - 8*k + 5. Let w be u(6). Let n = w + 11. Let d(t) = t**3 - 3*t**2 - 3*t. Determine d(n).
4
Let t(n) = n +